n) + j(n). Suppose -4*r + 16 = 8. Give p(r).
11
Let m(v) be the second derivative of -v**3/3 + 5*v**2/2 - 2*v. Let s(n) = -n + 1. Let t(k) = m(k) - 6*s(k). Determine t(1).
3
Let q = -5 + 4. Let s = -6 - q. Let b(n) be the third derivative of -n**6/120 - n**5/12 - n**4/24 + n**3/2 + n**2. Calculate b(s).
8
Let o(x) be the first derivative of -x**4/4 + 4*x**3/3 - x**2 + x - 29. Determine o(4).
-7
Let o(x) be the first derivative of 5*x**2/2 + x + 5. Let p be 10/(-8) + (-2)/(-8). What is o(p)?
-4
Let j be (-2)/(-8) - 178/8. Let u = j + 16. Let c(b) = 3*b + 6. What is c(u)?
-12
Let d(o) = o**3 - o**2 - 4*o + 1. Let y be d(3). Suppose -2*k + k = -6. Suppose -y*w = -5*j - 3*w - k, 4*w - 20 = -2*j. Let t(s) = 3*s**2 - 2*s - 1. Give t(j).
7
Let q be (-4)/(-10) - 8/(-5). Let x(r) = -7 + 14 + 10*r - 5*r + 6*r. Let j(s) = 5*s + 3. Let m(f) = 5*j(f) - 2*x(f). Determine m(q).
7
Let h be (-8)/(-12) - (-20)/6. Suppose 0*j - 2*r - 16 = -2*j, 3*r = -h*j - 3. Let d(p) = -3 + 3 - p + 1 - p**2. Calculate d(j).
-11
Let q(i) = -i**2 + 6*i - 3. Let l = 4 + -6. Let u be (-3)/(-1) - (l + 0). Calculate q(u).
2
Suppose -p = 2*r - 4*p - 3, -r - 2*p + 12 = 0. Let b(o) = o**3 - 7*o**2 + 7*o + 1. Determine b(r).
7
Suppose -3*k = -9, -k = -0*h + 3*h. Let s(o) be the first derivative of 2*o**3 - o + 30. Calculate s(h).
5
Let c be 6/(-2) - (11 - 12). Let i(s) = s**3 + s + 2. What is i(c)?
-8
Suppose 3*l = -l + 8. Let s(g) = 13*g**2 - 14*g**l + g + g. Give s(4).
-8
Let s(k) = -2*k**2 + 2*k + k**2 + 2*k**2 + 3. Let h = 16 - 6. Suppose h = -5*u - 0. What is s(u)?
3
Let y(n) = n**3 + 4*n**2 - 5*n - 2. Let a be 133/5 + (-4)/(-10). Suppose -3*b + t + 0 - 12 = 0, 4*t = -3*b - a. Calculate y(b).
-2
Suppose -2*p + 24 = l - 4*l, -3 = l + p. Let s(a) = -91 - 5*a**2 - a**2 - a**3 + a + 0*a**2 + 86. What is s(l)?
-11
Let t be 1 - (-1 + 1) - 5. Let c(a) = -7*a + 6. Let w(n) = n - 1. Let s(g) = -c(g) - 5*w(g). Determine s(t).
-9
Let i(b) = -b**2 + b - 1. Let k(d) = d**3 + 7*d**2 - 8*d + 7. Let a(s) = 4*i(s) + k(s). Calculate a(2).
15
Let o(g) be the second derivative of -1/6*g**3 - g + 0 + g**2. Let i be (2 + 2)/2 + 1. Give o(i).
-1
Suppose 0 = 3*v + 2*w + 7, -v + 5*w + 20 + 6 = 0. Let r(m) = -3*m**3 - m**2 + m. Give r(v).
-3
Let c(l) be the first derivative of 3/2*l**2 - 1/30*l**5 + 1/6*l**3 - 3 + 0*l - 1/24*l**4. Let n(o) be the second derivative of c(o). Give n(1).
-2
Let s(j) = 7*j**2 - 2*j + 1. Suppose -5*q = -4*q - 4*b - 17, 12 = 4*q - 2*b. What is s(q)?
6
Let m = -4 - -6. Let q = -7 + m. Let o(w) = 4*w**2 + 3*w - 4. Let h(r) = 7*r**2 + 6*r - 8. Let i(d) = -3*h(d) + 5*o(d). Calculate i(q).
-6
Let j(y) be the first derivative of -y**4/4 + 2*y**3 - y**2 + 5*y - 6. Give j(6).
-7
Let i(d) be the second derivative of d**4/4 + d**3/6 + 9*d. What is i(2)?
14
Let f(j) = -6*j + 2. Let m(o) = 2*o + 2. Let i(p) = -3*p - 1. Let n(w) = -3*i(w) - 2*m(w). Let r(z) = -3*f(z) - 4*n(z). Give r(-5).
8
Let l be (12/5)/(4/30). Suppose 4*s - l = -2. Let k(v) = -2*v - 3. Determine k(s).
-11
Let b(n) = n + 4. Let d be b(0). Suppose 5*f - 16 = -d*z - 0*z, 4*z = -4*f + 16. Let r(l) = l**3 + 4 - 3*l + 2*l - 2*l - 3*l**2. What is r(z)?
8
Let a(d) = d**2 + 8*d + 4. Suppose -l - 4 = 5*n + 4, n = -5*l + 32. Let o = 6 + -8. Let i(c) = 3*c**2 + 25*c + 13. Let g(w) = l*a(w) + o*i(w). Give g(-4).
-6
Let r = 19 - 28. Let d = -7 - -13. Let q be (r/d)/((-1)/2). Let w(s) = s**2 - 3*s. Give w(q).
0
Let o(j) = -9*j - 5*j + 2*j - 2 + 10. Let w(c) = 4*c - 3. Let u(d) = 2*o(d) + 7*w(d). What is u(4)?
11
Let d = -30 + 57. Let s = d - 15. Suppose 3*f - 3*q = -0*q + s, -1 = 5*f + 2*q. Let k(r) = 6*r**2 - 1. Give k(f).
5
Let w(q) be the third derivative of -q**5/60 - q**4/8 + q**3/3 - 2*q**2. Let x be w(-4). Let j be 1 - (2 + x + 0). Let m(k) = k**3 - 1. Determine m(j).
0
Let i(p) be the third derivative of p**4/12 - p**3/2 + p**2. Suppose 0 = -3*g + 12 - 0. Suppose 2*k + 0*k = -3*t + 12, 5*k = -t + g. Give i(t).
5
Let s(h) be the first derivative of 1/3*h**3 - 2*h**2 + 2*h + 10. Determine s(5).
7
Suppose 4*m - u + 42 = 13, -10 = -2*u. Let d(p) = p + 2. Give d(m).
-4
Let h(w) = 3 - 3 - 3 + w. Suppose 0 = p + 4 + 4. Let t(j) = -j**3 - 9*j**2 - 8*j - 5. Let q be t(p). Determine h(q).
-8
Let b = -24 + 19. Let v(g) be the first derivative of g**4/4 + 5*g**3/3 - 3*g**2/2 - 3*g + 1. Give v(b).
12
Suppose 6 = 3*l + 3*z, l - 20 = 2*z + 3*z. Suppose 2*f - 10 = l*m, -3*m = m - 4*f + 20. Let c(h) = -h + 17. What is c(m)?
17
Let v(y) = y + 11. Let h be v(-9). Suppose -3 + 27 = h*o. Suppose 2*s = 5*l + 26, -4*l - o = -l. Let p(q) = -q**3 + 4*q**2 - q - 1. Determine p(s).
5
Let h be (-10)/4 + (-4)/(-8). Let b(g) = 6*g. Calculate b(h).
-12
Let t(v) be the second derivative of -v**7/2520 + v**6/144 - v**5/20 - 5*v**4/12 - 3*v. Let d(a) be the third derivative of t(a). Give d(5).
-6
Let j(a) = a - 5 - 4 + 2. Suppose 2*p = 4*o + 4, -p + 5*o + 15 = 4*p. Give j(p).
-3
Suppose 0 = 5*s - 6*s + 1. Let g be (-3 + s)*(2 - 3). Let c be g*(-1)/((-1)/(-2)). Let w(z) = -z**3 - 3*z**2 + 4*z + 6. Give w(c).
6
Suppose 35 = -10*v + 15. Let r(u) = u**3 + 2*u**2 - 2*u - 3. Determine r(v).
1
Let f(h) = -h**2 - 5*h - 4. Let l be (-56)/(-12) + (-4)/6. Suppose -l*t + 9*t = 0. Suppose 0 = -d - t - 4. What is f(d)?
0
Let v(n) = 3*n**3 - 8*n**2 + 9*n + 1. Let k(b) = -b**3 + b**2 - b - 1. Let i(q) = -4*k(q) - v(q). What is i(-5)?
3
Let s(n) = n**2 + 6*n + 7. Suppose -2*z + 25 = 3*z. Suppose 0*q = q + z. What is s(q)?
2
Let t be 40/12 - (-2)/3. Let y(a) = 13 - t*a - 13. Calculate y(2).
-8
Let s = 47 - 93/2. Let n(k) be the second derivative of 2*k - 1/12*k**4 - s*k**2 + 1/2*k**5 + 1/3*k**3 + 0. What is n(1)?
10
Let w(q) = q + 4. Let u = -6 - -1. Give w(u).
-1
Let l(a) be the third derivative of a**5/60 - a**4/6 + a**3/6 + 2*a**2. Give l(5).
6
Let n(t) = -2*t. Let j(l) = l**2 - 3*l + 4. Let f be j(3). Let p = -7 + f. Calculate n(p).
6
Let k(u) be the second derivative of 5*u**3/3 - u**2 + 14*u. What is k(2)?
18
Suppose 0 = -3*w - 7 + 25. Let d(l) = -3*l**3 + 8*l**2 - l + 9. Let f(n) = 16*n**3 - 41*n**2 + 5*n - 46. Let i(z) = 11*d(z) + 2*f(z). What is i(w)?
1
Let k(d) = -3*d - 5. Let g(s) = s**3 + 5*s**2 - 8*s + 1. Let v be g(-6). Suppose 12 = -v*c + 10*c. Calculate k(c).
7
Let y(c) = -3*c + 0 + 0 - 1 - 2*c. Calculate y(2).
-11
Let k(o) = -7*o**3 - 3*o**2 + 12*o - 15. Let d(n) = -3*n**3 - 2*n**2 + 6*n - 7. Let v(h) = 5*d(h) - 2*k(h). Determine v(-5).
-10
Let q(u) = -32*u**2 + 23*u**2 - 12 + u + 18*u**2 - u**3. Determine q(9).
-3
Let k(r) = 4*r**3 + 6*r - 1. Let l(y) = -y**3 - y. Let m(j) = -k(j) - 5*l(j). Let g(a) = 3*a**3 + 3*a**2 - 9*a + 6. Let o(i) = g(i) - 4*m(i). What is o(3)?
-13
Let c be ((-3)/(-2) - 1)*4. Let w(v) = -v**3 + v**2 + 2*v + 1. Calculate w(c).
1
Let r(w) = -17*w - 1 + 18*w + 5. Determine r(-5).
-1
Let q(w) = w + 4. Let v be 4/22 + (-62)/(-22). Suppose -2*u + v*u = 6. Suppose -m = -u*m. Determine q(m).
4
Let j = 41 + -49. Let m(r) = r + 13. What is m(j)?
5
Suppose -5*o - 10 = -0*o. Let w(r) = -4 + 3 + 6*r**2 + 64*r - 4*r**2 - 63*r. Determine w(o).
5
Let z(f) be the first derivative of 1/2*f**2 + 1 - 1/3*f**3 - 10*f. Let o = 2 + -2. What is z(o)?
-10
Let l(j) = 1. Let z(u) be the third derivative of -u**4/24 + 2*u**3/3 + 5*u**2. Let h(i) = -5*l(i) + z(i). Calculate h(-5).
4
Let n(t) = 2*t**2 + t + 1. Suppose 4*s + 10 = 5*d - 0, -5*d + s = -10. What is n(d)?
11
Let g(z) be the first derivative of z**3/3 + z**2/2 - 3*z - 1. Suppose -3*y + 6 = 18. What is g(y)?
9
Suppose 0*g - 1 = 2*y + g, y - 17 = 3*g. Suppose -y*m - 3 = 1. Let z(r) = r + 3. Calculate z(m).
1
Suppose -2*h = 4*t - 0*t, 4*t - 2*h + 16 = 0. Let l(w) = -3*w + 1. What is l(t)?
7
Let i(g) = 2 + 6*g - 11*g**2 - 3*g**2 + 15*g**2. Determine i(-5).
-3
Let x(i) = -3*i**2 + 3*i + 2. Let k(t) = -7*t**2 + 7*t + 5. Let s(w) = 2*k(w) - 5*x(w). Determine s(3).
6
Let k(x) = -11*x - 9. Let y(p) = -3*p - 3. Let m(r) = 2*k(r) - 7*y(r). Suppose -2*f + 4 = -4. Suppose -d + 15 = f*d. Give m(d).
0
Let z be (-6)/(-8)*1*4. Suppose 3*q - 15 = 3. Let y(m) = -q*m + 2 + 0 + z*m. Calculate y(3).
-7
Let i(b) = -3*b + 6. Let k be 2*3*3/9. Let c(f) = f**3 - 2*f**k + f + f - 8 - 4*f**2. Let w be c(6). Calculate i(w).
-6
Let q(u) = u**3 - 4*u**2 - 2*u. Let g(l) = 3*l**3 - 8*l**2 - 4*l - 1. Let m(t) = 2*g(t) - 5*q(t). Calculate